{"id":599,"date":"2026-02-10T19:28:53","date_gmt":"2026-02-10T22:28:53","guid":{"rendered":"https:\/\/zonatecnosur.com.ar\/?post_type=product&#038;p=599"},"modified":"2026-02-11T11:26:57","modified_gmt":"2026-02-11T14:26:57","slug":"715g6934-p01-000-002h-fuente-tv-philips-43pfg5101-77","status":"publish","type":"product","link":"https:\/\/zonatecnosur.com.ar\/?product=715g6934-p01-000-002h-fuente-tv-philips-43pfg5101-77","title":{"rendered":"715G6934-P01-000-002H Fuente Tv Philips 43pfg5101\/77"},"content":{"rendered":"<p><em><strong>C\u00f3digo: <\/strong><\/em>715G6934-P01-000-002H<\/p>\n<p><em><strong>Compatibilidad:\u00a0<\/strong><\/em>Tv Philips 32PHG5301\/77 \u2013 40PFG5000\/77 \u2013 40pfg5100\/77\u2013 43PFG5101\/77 \u2013 43pfg5102\/77 \u2013 AOC LE43D1452\/28 \u2013 LE43F1461\/28 \u2013 LE43S6975\/28<\/p>\n<p><strong>La placa fue probada antes de ponerla a la venta<\/strong>, funciona correctamente, se retir\u00f3 de tv con pantalla rota.<br \/>\nArt\u00edculo original.<\/p>\n<p>Se recomienda su manipulaci\u00f3n s\u00f3lo por personal t\u00e9cnico calificado, especializado en la reparaci\u00f3n de TV.<\/p>\n","protected":false},"excerpt":{"rendered":"<p>C\u00f3digo: 715G6934-P01-000-002H Compatibilidad:\u00a0Tv Philips 32PHG5301\/77 \u2013 40PFG5000\/77 \u2013 40pfg5100\/77\u2013 43PFG5101\/77 \u2013 43pfg5102\/77 \u2013 AOC LE43D1452\/28 \u2013 LE43F1461\/28 \u2013 LE43S6975\/28 La placa fue probada antes de ponerla a la venta, funciona correctamente, se retir\u00f3 de tv con pantalla rota. Art\u00edculo original. Se recomienda su manipulaci\u00f3n s\u00f3lo por personal t\u00e9cnico calificado, especializado en la reparaci\u00f3n de TV.<\/p>\n","protected":false},"featured_media":600,"template":"","meta":{"_monsterinsights_skip_tracking":false,"_monsterinsights_sitenote_active":false,"_monsterinsights_sitenote_note":"","_monsterinsights_sitenote_category":0},"product_brand":[43],"product_cat":[26],"product_tag":[144,146,136],"class_list":{"0":"post-599","1":"product","2":"type-product","3":"status-publish","4":"has-post-thumbnail","6":"product_brand-philips","7":"product_cat-repuestos","8":"product_tag-43pfg5101-77","9":"product_tag-715g6934-p01-000-002h","10":"product_tag-fuente-tv","11":"product_shipping_class-correo-argentino","13":"first","14":"instock","15":"shipping-taxable","16":"purchasable","17":"product-type-simple"},"_links":{"self":[{"href":"https:\/\/zonatecnosur.com.ar\/index.php?rest_route=\/wp\/v2\/product\/599","targetHints":{"allow":["GET"]}}],"collection":[{"href":"https:\/\/zonatecnosur.com.ar\/index.php?rest_route=\/wp\/v2\/product"}],"about":[{"href":"https:\/\/zonatecnosur.com.ar\/index.php?rest_route=\/wp\/v2\/types\/product"}],"wp:featuredmedia":[{"embeddable":true,"href":"https:\/\/zonatecnosur.com.ar\/index.php?rest_route=\/wp\/v2\/media\/600"}],"wp:attachment":[{"href":"https:\/\/zonatecnosur.com.ar\/index.php?rest_route=%2Fwp%2Fv2%2Fmedia&parent=599"}],"wp:term":[{"taxonomy":"product_brand","embeddable":true,"href":"https:\/\/zonatecnosur.com.ar\/index.php?rest_route=%2Fwp%2Fv2%2Fproduct_brand&post=599"},{"taxonomy":"product_cat","embeddable":true,"href":"https:\/\/zonatecnosur.com.ar\/index.php?rest_route=%2Fwp%2Fv2%2Fproduct_cat&post=599"},{"taxonomy":"product_tag","embeddable":true,"href":"https:\/\/zonatecnosur.com.ar\/index.php?rest_route=%2Fwp%2Fv2%2Fproduct_tag&post=599"}],"curies":[{"name":"wp","href":"https:\/\/api.w.org\/{rel}","templated":true}]}}